{"id":81,"date":"2025-07-07T03:58:00","date_gmt":"2025-07-07T03:58:00","guid":{"rendered":"https:\/\/hrg.aero\/?page_id=81"},"modified":"2025-07-07T04:59:03","modified_gmt":"2025-07-07T04:59:03","slug":"productos","status":"publish","type":"page","link":"https:\/\/hrg.aero\/index.php\/productos\/","title":{"rendered":"Productos"},"content":{"rendered":"\n<h3 class=\"wp-block-heading\"><mark style=\"background-color:rgba(0, 0, 0, 0)\" class=\"has-inline-color has-custom-color\">Camilla Aeron\u00e1uticas<\/mark><\/h3>\n\n\n\n<p>La misma fue dise\u00f1ada para ser usada en forma modular, colocando la base en forma r\u00e1pida y segura a los rieles de los asientos desmontados previamente.<\/p>\n\n\n\n<p>Posee aprobaciones de ANAC para poder realizar vuelos tipo STAS (Servicio de Transporte A\u00e9reo Sanitario).<\/p>\n\n\n\n<p>Tambi\u00e9n se desarrollo equipos externos para facilitar el ingreso de la camilla a la aeronave y adem\u00e1s poder ser transportables en el avi\u00f3n y ser usados en aeropuertos con poco apoyo terrestre.<\/p>\n\n\n\n<figure class=\"wp-block-gallery has-nested-images columns-default is-cropped wp-block-gallery-1 is-layout-flex wp-block-gallery-is-layout-flex\">\n<figure class=\"wp-block-image size-large\"><img loading=\"lazy\" decoding=\"async\" width=\"583\" height=\"797\" data-id=\"51\" src=\"https:\/\/hrg.aero\/wp-content\/uploads\/2025\/07\/Screenshot-2025-07-06-235628.png\" alt=\"\" class=\"wp-image-51\" srcset=\"https:\/\/hrg.aero\/wp-content\/uploads\/2025\/07\/Screenshot-2025-07-06-235628.png 583w, https:\/\/hrg.aero\/wp-content\/uploads\/2025\/07\/Screenshot-2025-07-06-235628-219x300.png 219w\" sizes=\"auto, (max-width: 583px) 100vw, 583px\" \/><\/figure>\n\n\n\n<figure class=\"wp-block-image size-large\"><img loading=\"lazy\" decoding=\"async\" width=\"725\" height=\"651\" data-id=\"52\" src=\"https:\/\/hrg.aero\/wp-content\/uploads\/2025\/07\/Screenshot-2025-07-06-235721.png\" alt=\"\" class=\"wp-image-52\" srcset=\"https:\/\/hrg.aero\/wp-content\/uploads\/2025\/07\/Screenshot-2025-07-06-235721.png 725w, https:\/\/hrg.aero\/wp-content\/uploads\/2025\/07\/Screenshot-2025-07-06-235721-300x269.png 300w\" sizes=\"auto, (max-width: 725px) 100vw, 725px\" \/><\/figure>\n\n\n\n<figure class=\"wp-block-image size-large\"><img loading=\"lazy\" decoding=\"async\" width=\"739\" height=\"513\" data-id=\"54\" src=\"https:\/\/hrg.aero\/wp-content\/uploads\/2025\/07\/Screenshot-2025-07-06-235734-1.png\" alt=\"\" class=\"wp-image-54\" srcset=\"https:\/\/hrg.aero\/wp-content\/uploads\/2025\/07\/Screenshot-2025-07-06-235734-1.png 739w, https:\/\/hrg.aero\/wp-content\/uploads\/2025\/07\/Screenshot-2025-07-06-235734-1-300x208.png 300w\" sizes=\"auto, (max-width: 739px) 100vw, 739px\" \/><\/figure>\n<\/figure>\n\n\n\n<h2 class=\"wp-block-heading\"><mark style=\"background-color:rgba(0, 0, 0, 0)\" class=\"has-inline-color has-custom-color\">C\u00e1psulas COVID 19<\/mark><\/h2>\n\n\n\n<p>La misma fue dise\u00f1ada con los m\u00e1s altos est\u00e1ndares de seguridad para el traslado de pacientes con COVID19 o otras influenzas, permitiendo un traslado seguro para todo el personas de cabina. La misma tambi\u00e9n est\u00e1 disponible para uso terrestre.<\/p>\n\n\n\n<figure class=\"wp-block-gallery has-nested-images columns-default is-cropped wp-block-gallery-2 is-layout-flex wp-block-gallery-is-layout-flex\">\n<figure class=\"wp-block-image size-large\"><img loading=\"lazy\" decoding=\"async\" width=\"410\" height=\"585\" data-id=\"60\" src=\"https:\/\/hrg.aero\/wp-content\/uploads\/2025\/07\/Screenshot-2025-07-07-000840.png\" alt=\"\" class=\"wp-image-60\" srcset=\"https:\/\/hrg.aero\/wp-content\/uploads\/2025\/07\/Screenshot-2025-07-07-000840.png 410w, https:\/\/hrg.aero\/wp-content\/uploads\/2025\/07\/Screenshot-2025-07-07-000840-210x300.png 210w\" sizes=\"auto, (max-width: 410px) 100vw, 410px\" \/><\/figure>\n\n\n\n<figure class=\"wp-block-image size-large\"><img loading=\"lazy\" decoding=\"async\" width=\"373\" height=\"536\" data-id=\"59\" src=\"https:\/\/hrg.aero\/wp-content\/uploads\/2025\/07\/Screenshot-2025-07-07-000903.png\" alt=\"\" class=\"wp-image-59\" srcset=\"https:\/\/hrg.aero\/wp-content\/uploads\/2025\/07\/Screenshot-2025-07-07-000903.png 373w, https:\/\/hrg.aero\/wp-content\/uploads\/2025\/07\/Screenshot-2025-07-07-000903-209x300.png 209w\" sizes=\"auto, (max-width: 373px) 100vw, 373px\" \/><\/figure>\n\n\n\n<figure class=\"wp-block-image size-large\"><img loading=\"lazy\" decoding=\"async\" width=\"330\" height=\"544\" data-id=\"58\" src=\"https:\/\/hrg.aero\/wp-content\/uploads\/2025\/07\/Screenshot-2025-07-07-001216.png\" alt=\"\" class=\"wp-image-58\" srcset=\"https:\/\/hrg.aero\/wp-content\/uploads\/2025\/07\/Screenshot-2025-07-07-001216.png 330w, https:\/\/hrg.aero\/wp-content\/uploads\/2025\/07\/Screenshot-2025-07-07-001216-182x300.png 182w\" sizes=\"auto, (max-width: 330px) 100vw, 330px\" \/><\/figure>\n<\/figure>\n","protected":false},"excerpt":{"rendered":"<p>Camilla Aeron\u00e1uticas La misma fue dise\u00f1ada para ser usada en forma modular, colocando la base en forma r\u00e1pida y segura a los rieles de los asientos desmontados previamente. Posee aprobaciones de ANAC para poder realizar vuelos tipo STAS (Servicio de Transporte A\u00e9reo Sanitario). Tambi\u00e9n se desarrollo equipos externos para facilitar el ingreso de la camilla [&hellip;]<\/p>\n","protected":false},"author":1,"featured_media":0,"parent":0,"menu_order":0,"comment_status":"closed","ping_status":"closed","template":"","meta":{"footnotes":""},"class_list":["post-81","page","type-page","status-publish","hentry"],"yoast_head":"<!-- This site is optimized with the Yoast SEO plugin v23.8 - https:\/\/yoast.com\/wordpress\/plugins\/seo\/ -->\n<title>Productos - Home<\/title>\n<meta name=\"robots\" content=\"index, follow, max-snippet:-1, max-image-preview:large, max-video-preview:-1\" \/>\n<link rel=\"canonical\" href=\"https:\/\/hrg.aero\/index.php\/productos\/\" \/>\n<meta property=\"og:locale\" content=\"en_US\" \/>\n<meta property=\"og:type\" content=\"article\" \/>\n<meta property=\"og:title\" content=\"Productos - Home\" \/>\n<meta property=\"og:description\" content=\"Camilla Aeron\u00e1uticas La misma fue dise\u00f1ada para ser usada en forma modular, colocando la base en forma r\u00e1pida y segura a los rieles de los asientos desmontados previamente. Posee aprobaciones de ANAC para poder realizar vuelos tipo STAS (Servicio de Transporte A\u00e9reo Sanitario). Tambi\u00e9n se desarrollo equipos externos para facilitar el ingreso de la camilla [&hellip;]\" \/>\n<meta property=\"og:url\" content=\"https:\/\/hrg.aero\/index.php\/productos\/\" \/>\n<meta property=\"og:site_name\" content=\"Home\" \/>\n<meta property=\"article:modified_time\" content=\"2025-07-07T04:59:03+00:00\" \/>\n<meta property=\"og:image\" content=\"https:\/\/hrg.aero\/wp-content\/uploads\/2025\/07\/Screenshot-2025-07-06-235628.png\" \/>\n\t<meta property=\"og:image:width\" content=\"583\" \/>\n\t<meta property=\"og:image:height\" content=\"797\" \/>\n\t<meta property=\"og:image:type\" content=\"image\/png\" \/>\n<meta name=\"twitter:card\" content=\"summary_large_image\" \/>\n<meta name=\"twitter:label1\" content=\"Est. reading time\" \/>\n\t<meta name=\"twitter:data1\" content=\"2 minutes\" \/>\n<script type=\"application\/ld+json\" class=\"yoast-schema-graph\">{\"@context\":\"https:\/\/schema.org\",\"@graph\":[{\"@type\":\"WebPage\",\"@id\":\"https:\/\/hrg.aero\/index.php\/productos\/\",\"url\":\"https:\/\/hrg.aero\/index.php\/productos\/\",\"name\":\"Productos - Home\",\"isPartOf\":{\"@id\":\"https:\/\/hrg.aero\/#website\"},\"primaryImageOfPage\":{\"@id\":\"https:\/\/hrg.aero\/index.php\/productos\/#primaryimage\"},\"image\":{\"@id\":\"https:\/\/hrg.aero\/index.php\/productos\/#primaryimage\"},\"thumbnailUrl\":\"https:\/\/hrg.aero\/wp-content\/uploads\/2025\/07\/Screenshot-2025-07-06-235628.png\",\"datePublished\":\"2025-07-07T03:58:00+00:00\",\"dateModified\":\"2025-07-07T04:59:03+00:00\",\"breadcrumb\":{\"@id\":\"https:\/\/hrg.aero\/index.php\/productos\/#breadcrumb\"},\"inLanguage\":\"en-US\",\"potentialAction\":[{\"@type\":\"ReadAction\",\"target\":[\"https:\/\/hrg.aero\/index.php\/productos\/\"]}]},{\"@type\":\"ImageObject\",\"inLanguage\":\"en-US\",\"@id\":\"https:\/\/hrg.aero\/index.php\/productos\/#primaryimage\",\"url\":\"https:\/\/hrg.aero\/wp-content\/uploads\/2025\/07\/Screenshot-2025-07-06-235628.png\",\"contentUrl\":\"https:\/\/hrg.aero\/wp-content\/uploads\/2025\/07\/Screenshot-2025-07-06-235628.png\",\"width\":583,\"height\":797},{\"@type\":\"BreadcrumbList\",\"@id\":\"https:\/\/hrg.aero\/index.php\/productos\/#breadcrumb\",\"itemListElement\":[{\"@type\":\"ListItem\",\"position\":1,\"name\":\"Home\",\"item\":\"https:\/\/hrg.aero\/\"},{\"@type\":\"ListItem\",\"position\":2,\"name\":\"Productos\"}]},{\"@type\":\"WebSite\",\"@id\":\"https:\/\/hrg.aero\/#website\",\"url\":\"https:\/\/hrg.aero\/\",\"name\":\"Home\",\"description\":\"\",\"potentialAction\":[{\"@type\":\"SearchAction\",\"target\":{\"@type\":\"EntryPoint\",\"urlTemplate\":\"https:\/\/hrg.aero\/?s={search_term_string}\"},\"query-input\":{\"@type\":\"PropertyValueSpecification\",\"valueRequired\":true,\"valueName\":\"search_term_string\"}}],\"inLanguage\":\"en-US\"}]}<\/script>\n<!-- \/ Yoast SEO plugin. -->","yoast_head_json":{"title":"Productos - Home","robots":{"index":"index","follow":"follow","max-snippet":"max-snippet:-1","max-image-preview":"max-image-preview:large","max-video-preview":"max-video-preview:-1"},"canonical":"https:\/\/hrg.aero\/index.php\/productos\/","og_locale":"en_US","og_type":"article","og_title":"Productos - Home","og_description":"Camilla Aeron\u00e1uticas La misma fue dise\u00f1ada para ser usada en forma modular, colocando la base en forma r\u00e1pida y segura a los rieles de los asientos desmontados previamente. Posee aprobaciones de ANAC para poder realizar vuelos tipo STAS (Servicio de Transporte A\u00e9reo Sanitario). Tambi\u00e9n se desarrollo equipos externos para facilitar el ingreso de la camilla [&hellip;]","og_url":"https:\/\/hrg.aero\/index.php\/productos\/","og_site_name":"Home","article_modified_time":"2025-07-07T04:59:03+00:00","og_image":[{"width":583,"height":797,"url":"https:\/\/hrg.aero\/wp-content\/uploads\/2025\/07\/Screenshot-2025-07-06-235628.png","type":"image\/png"}],"twitter_card":"summary_large_image","twitter_misc":{"Est. reading time":"2 minutes"},"schema":{"@context":"https:\/\/schema.org","@graph":[{"@type":"WebPage","@id":"https:\/\/hrg.aero\/index.php\/productos\/","url":"https:\/\/hrg.aero\/index.php\/productos\/","name":"Productos - Home","isPartOf":{"@id":"https:\/\/hrg.aero\/#website"},"primaryImageOfPage":{"@id":"https:\/\/hrg.aero\/index.php\/productos\/#primaryimage"},"image":{"@id":"https:\/\/hrg.aero\/index.php\/productos\/#primaryimage"},"thumbnailUrl":"https:\/\/hrg.aero\/wp-content\/uploads\/2025\/07\/Screenshot-2025-07-06-235628.png","datePublished":"2025-07-07T03:58:00+00:00","dateModified":"2025-07-07T04:59:03+00:00","breadcrumb":{"@id":"https:\/\/hrg.aero\/index.php\/productos\/#breadcrumb"},"inLanguage":"en-US","potentialAction":[{"@type":"ReadAction","target":["https:\/\/hrg.aero\/index.php\/productos\/"]}]},{"@type":"ImageObject","inLanguage":"en-US","@id":"https:\/\/hrg.aero\/index.php\/productos\/#primaryimage","url":"https:\/\/hrg.aero\/wp-content\/uploads\/2025\/07\/Screenshot-2025-07-06-235628.png","contentUrl":"https:\/\/hrg.aero\/wp-content\/uploads\/2025\/07\/Screenshot-2025-07-06-235628.png","width":583,"height":797},{"@type":"BreadcrumbList","@id":"https:\/\/hrg.aero\/index.php\/productos\/#breadcrumb","itemListElement":[{"@type":"ListItem","position":1,"name":"Home","item":"https:\/\/hrg.aero\/"},{"@type":"ListItem","position":2,"name":"Productos"}]},{"@type":"WebSite","@id":"https:\/\/hrg.aero\/#website","url":"https:\/\/hrg.aero\/","name":"Home","description":"","potentialAction":[{"@type":"SearchAction","target":{"@type":"EntryPoint","urlTemplate":"https:\/\/hrg.aero\/?s={search_term_string}"},"query-input":{"@type":"PropertyValueSpecification","valueRequired":true,"valueName":"search_term_string"}}],"inLanguage":"en-US"}]}},"_links":{"self":[{"href":"https:\/\/hrg.aero\/index.php\/wp-json\/wp\/v2\/pages\/81","targetHints":{"allow":["GET"]}}],"collection":[{"href":"https:\/\/hrg.aero\/index.php\/wp-json\/wp\/v2\/pages"}],"about":[{"href":"https:\/\/hrg.aero\/index.php\/wp-json\/wp\/v2\/types\/page"}],"author":[{"embeddable":true,"href":"https:\/\/hrg.aero\/index.php\/wp-json\/wp\/v2\/users\/1"}],"replies":[{"embeddable":true,"href":"https:\/\/hrg.aero\/index.php\/wp-json\/wp\/v2\/comments?post=81"}],"version-history":[{"count":3,"href":"https:\/\/hrg.aero\/index.php\/wp-json\/wp\/v2\/pages\/81\/revisions"}],"predecessor-version":[{"id":113,"href":"https:\/\/hrg.aero\/index.php\/wp-json\/wp\/v2\/pages\/81\/revisions\/113"}],"wp:attachment":[{"href":"https:\/\/hrg.aero\/index.php\/wp-json\/wp\/v2\/media?parent=81"}],"curies":[{"name":"wp","href":"https:\/\/api.w.org\/{rel}","templated":true}]}}

<h3 class="wp-block-heading"><mark style="background-color:rgba(0, 0, 0, 0)" class="has-inline-color has-custom-color">Camilla Aeronáuticas</mark></h3>



<p>La misma fue diseñada para ser usada en forma modular, colocando la base en forma rápida y segura a los rieles de los asientos desmontados previamente.</p>



<p>Posee aprobaciones de ANAC para poder realizar vuelos tipo STAS (Servicio de Transporte Aéreo Sanitario).</p>



<p>También se desarrollo equipos externos para facilitar el ingreso de la camilla a la aeronave y además poder ser transportables en el avión y ser usados en aeropuertos con poco apoyo terrestre.</p>



<figure class="wp-block-gallery has-nested-images columns-default is-cropped wp-block-gallery-1 is-layout-flex wp-block-gallery-is-layout-flex">
<figure class="wp-block-image size-large"><img loading="lazy" decoding="async" width="583" height="797" data-id="51" src="https://hrg.aero/wp-content/uploads/2025/07/Screenshot-2025-07-06-235628.png" alt="" class="wp-image-51" srcset="https://hrg.aero/wp-content/uploads/2025/07/Screenshot-2025-07-06-235628.png 583w, https://hrg.aero/wp-content/uploads/2025/07/Screenshot-2025-07-06-235628-219x300.png 219w" sizes="auto, (max-width: 583px) 100vw, 583px" /></figure>



<figure class="wp-block-image size-large"><img loading="lazy" decoding="async" width="725" height="651" data-id="52" src="https://hrg.aero/wp-content/uploads/2025/07/Screenshot-2025-07-06-235721.png" alt="" class="wp-image-52" srcset="https://hrg.aero/wp-content/uploads/2025/07/Screenshot-2025-07-06-235721.png 725w, https://hrg.aero/wp-content/uploads/2025/07/Screenshot-2025-07-06-235721-300x269.png 300w" sizes="auto, (max-width: 725px) 100vw, 725px" /></figure>



<figure class="wp-block-image size-large"><img loading="lazy" decoding="async" width="739" height="513" data-id="54" src="https://hrg.aero/wp-content/uploads/2025/07/Screenshot-2025-07-06-235734-1.png" alt="" class="wp-image-54" srcset="https://hrg.aero/wp-content/uploads/2025/07/Screenshot-2025-07-06-235734-1.png 739w, https://hrg.aero/wp-content/uploads/2025/07/Screenshot-2025-07-06-235734-1-300x208.png 300w" sizes="auto, (max-width: 739px) 100vw, 739px" /></figure>
</figure>



<h2 class="wp-block-heading"><mark style="background-color:rgba(0, 0, 0, 0)" class="has-inline-color has-custom-color">Cápsulas COVID 19</mark></h2>



<p>La misma fue diseñada con los más altos estándares de seguridad para el traslado de pacientes con COVID19 o otras influenzas, permitiendo un traslado seguro para todo el personas de cabina. La misma también está disponible para uso terrestre.</p>



<figure class="wp-block-gallery has-nested-images columns-default is-cropped wp-block-gallery-2 is-layout-flex wp-block-gallery-is-layout-flex">
<figure class="wp-block-image size-large"><img loading="lazy" decoding="async" width="410" height="585" data-id="60" src="https://hrg.aero/wp-content/uploads/2025/07/Screenshot-2025-07-07-000840.png" alt="" class="wp-image-60" srcset="https://hrg.aero/wp-content/uploads/2025/07/Screenshot-2025-07-07-000840.png 410w, https://hrg.aero/wp-content/uploads/2025/07/Screenshot-2025-07-07-000840-210x300.png 210w" sizes="auto, (max-width: 410px) 100vw, 410px" /></figure>



<figure class="wp-block-image size-large"><img loading="lazy" decoding="async" width="373" height="536" data-id="59" src="https://hrg.aero/wp-content/uploads/2025/07/Screenshot-2025-07-07-000903.png" alt="" class="wp-image-59" srcset="https://hrg.aero/wp-content/uploads/2025/07/Screenshot-2025-07-07-000903.png 373w, https://hrg.aero/wp-content/uploads/2025/07/Screenshot-2025-07-07-000903-209x300.png 209w" sizes="auto, (max-width: 373px) 100vw, 373px" /></figure>



<figure class="wp-block-image size-large"><img loading="lazy" decoding="async" width="330" height="544" data-id="58" src="https://hrg.aero/wp-content/uploads/2025/07/Screenshot-2025-07-07-001216.png" alt="" class="wp-image-58" srcset="https://hrg.aero/wp-content/uploads/2025/07/Screenshot-2025-07-07-001216.png 330w, https://hrg.aero/wp-content/uploads/2025/07/Screenshot-2025-07-07-001216-182x300.png 182w" sizes="auto, (max-width: 330px) 100vw, 330px" /></figure>
</figure>

<p>Camilla Aeronáuticas La misma fue diseñada para ser usada en forma modular, colocando la base en forma rápida y segura a los rieles de los asientos desmontados previamente. Posee aprobaciones de ANAC para poder realizar vuelos tipo STAS (Servicio de Transporte Aéreo Sanitario). También se desarrollo equipos externos para facilitar el ingreso de la camilla [&hellip;]</p>

<!-- This site is optimized with the Yoast SEO plugin v23.8 - https://yoast.com/wordpress/plugins/seo/ -->
<title>Productos - Home</title>
<meta name="robots" content="index, follow, max-snippet:-1, max-image-preview:large, max-video-preview:-1" />
<link rel="canonical" href="https://hrg.aero/index.php/productos/" />
<meta property="og:locale" content="en_US" />
<meta property="og:type" content="article" />
<meta property="og:title" content="Productos - Home" />
<meta property="og:description" content="Camilla Aeronáuticas La misma fue diseñada para ser usada en forma modular, colocando la base en forma rápida y segura a los rieles de los asientos desmontados previamente. Posee aprobaciones de ANAC para poder realizar vuelos tipo STAS (Servicio de Transporte Aéreo Sanitario). También se desarrollo equipos externos para facilitar el ingreso de la camilla [&hellip;]" />
<meta property="og:url" content="https://hrg.aero/index.php/productos/" />
<meta property="og:site_name" content="Home" />
<meta property="article:modified_time" content="2025-07-07T04:59:03+00:00" />
<meta property="og:image" content="https://hrg.aero/wp-content/uploads/2025/07/Screenshot-2025-07-06-235628.png" />
	<meta property="og:image:width" content="583" />
	<meta property="og:image:height" content="797" />
	<meta property="og:image:type" content="image/png" />
<meta name="twitter:card" content="summary_large_image" />
<meta name="twitter:label1" content="Est. reading time" />
	<meta name="twitter:data1" content="2 minutes" />
<script type="application/ld+json" class="yoast-schema-graph">{"@context":"https://schema.org","@graph":[{"@type":"WebPage","@id":"https://hrg.aero/index.php/productos/","url":"https://hrg.aero/index.php/productos/","name":"Productos - Home","isPartOf":{"@id":"https://hrg.aero/#website"},"primaryImageOfPage":{"@id":"https://hrg.aero/index.php/productos/#primaryimage"},"image":{"@id":"https://hrg.aero/index.php/productos/#primaryimage"},"thumbnailUrl":"https://hrg.aero/wp-content/uploads/2025/07/Screenshot-2025-07-06-235628.png","datePublished":"2025-07-07T03:58:00+00:00","dateModified":"2025-07-07T04:59:03+00:00","breadcrumb":{"@id":"https://hrg.aero/index.php/productos/#breadcrumb"},"inLanguage":"en-US","potentialAction":[{"@type":"ReadAction","target":["https://hrg.aero/index.php/productos/"]}]},{"@type":"ImageObject","inLanguage":"en-US","@id":"https://hrg.aero/index.php/productos/#primaryimage","url":"https://hrg.aero/wp-content/uploads/2025/07/Screenshot-2025-07-06-235628.png","contentUrl":"https://hrg.aero/wp-content/uploads/2025/07/Screenshot-2025-07-06-235628.png","width":583,"height":797},{"@type":"BreadcrumbList","@id":"https://hrg.aero/index.php/productos/#breadcrumb","itemListElement":[{"@type":"ListItem","position":1,"name":"Home","item":"https://hrg.aero/"},{"@type":"ListItem","position":2,"name":"Productos"}]},{"@type":"WebSite","@id":"https://hrg.aero/#website","url":"https://hrg.aero/","name":"Home","description":"","potentialAction":[{"@type":"SearchAction","target":{"@type":"EntryPoint","urlTemplate":"https://hrg.aero/?s={search_term_string}"},"query-input":{"@type":"PropertyValueSpecification","valueRequired":true,"valueName":"search_term_string"}}],"inLanguage":"en-US"}]}</script>
<!-- / Yoast SEO plugin. -->

Camilla Aeronáuticas La misma fue diseñada para ser usada en forma modular, colocando la base en forma rápida y segura a los rieles de los asientos desmontados previamente. Posee aprobaciones de ANAC para poder realizar vuelos tipo STAS (Servicio de Transporte Aéreo Sanitario). También se desarrollo equipos externos para facilitar el ingreso de la camilla [&hellip;]
